{"id":79,"date":"2013-08-05T14:18:38","date_gmt":"2013-08-05T12:18:38","guid":{"rendered":"http:\/\/www.luebecker-gitarrentrio.de\/wordpress\/?page_id=79"},"modified":"2013-08-05T14:18:38","modified_gmt":"2013-08-05T12:18:38","slug":"christoph-schmidt","status":"publish","type":"page","link":"http:\/\/luebecker-gitarrentrio.de\/?page_id=79","title":{"rendered":"Christoph Schmidt"},"content":{"rendered":"<p><a href=\"http:\/\/www.luebecker-gitarrentrio.de\/wp-content\/uploads\/christoph.jpg\"><img loading=\"lazy\" decoding=\"async\" src=\"http:\/\/www.luebecker-gitarrentrio.de\/wp-content\/uploads\/christoph-300x214.jpg\" alt=\"christoph\" width=\"300\" height=\"214\" class=\"alignnone size-medium wp-image-80\" \/><\/a><\/p>\n<p>Christoph Schmidt verleiht mit seinem Feingesp\u00fcr f\u00fcr Takt und Harmonie den gemeinsamen Musikinterpretationen unverkennbare Akzente und Nuancen. Er studierte nach sechs Jahren Gitarrenunterricht bei Johannes Tappert in Bad K\u00f6nigshofen an der Musikhochschule L\u00fcbeck bei Prof. Albert Aigner Gitarre und Instrumentalp\u00e4dagogik.<\/p>\n<p>Er nahm an Meisterkursen in Deutschland, \u00d6sterreich und Griechenland teil, unter anderem bei Pepe Romero, Gerhard Reichenbach, Alvaro Pierri, Manuel Barrueco und Nikita Koshkin.<\/p>\n<p>Seine aktive Konzertt\u00e4tigkeit f\u00fchrte ihn durch ganz Deutschland, nach \u00d6sterreich, Frankreich, Italien, Kroatien und Ungarn.<\/p>\n<p><a href=\"http:\/\/www.christoph-schmidt.info\" target=\"_blank\">www.christoph-schmidt.info<\/a><\/p>\n","protected":false},"excerpt":{"rendered":"<p>Christoph Schmidt verleiht mit seinem Feingesp\u00fcr f\u00fcr Takt und Harmonie den gemeinsamen Musikinterpretationen unverkennbare Akzente und Nuancen. Er studierte nach sechs Jahren Gitarrenunterricht bei Johannes Tappert in Bad K\u00f6nigshofen an der Musikhochschule L\u00fcbeck bei Prof. Albert Aigner Gitarre und Instrumentalp\u00e4dagogik. Er nahm an Meisterkursen in Deutschland, \u00d6sterreich und Griechenland teil, \u2026 <a class=\"continue-reading-link\" href=\"http:\/\/luebecker-gitarrentrio.de\/?page_id=79\"> Continue reading <span class=\"meta-nav\">&rarr; <\/span><\/a><\/p>\n","protected":false},"author":1,"featured_media":0,"parent":62,"menu_order":0,"comment_status":"closed","ping_status":"closed","template":"","meta":{"footnotes":""},"class_list":["post-79","page","type-page","status-publish","hentry"],"_links":{"self":[{"href":"http:\/\/luebecker-gitarrentrio.de\/index.php?rest_route=\/wp\/v2\/pages\/79","targetHints":{"allow":["GET"]}}],"collection":[{"href":"http:\/\/luebecker-gitarrentrio.de\/index.php?rest_route=\/wp\/v2\/pages"}],"about":[{"href":"http:\/\/luebecker-gitarrentrio.de\/index.php?rest_route=\/wp\/v2\/types\/page"}],"author":[{"embeddable":true,"href":"http:\/\/luebecker-gitarrentrio.de\/index.php?rest_route=\/wp\/v2\/users\/1"}],"replies":[{"embeddable":true,"href":"http:\/\/luebecker-gitarrentrio.de\/index.php?rest_route=%2Fwp%2Fv2%2Fcomments&post=79"}],"version-history":[{"count":0,"href":"http:\/\/luebecker-gitarrentrio.de\/index.php?rest_route=\/wp\/v2\/pages\/79\/revisions"}],"up":[{"embeddable":true,"href":"http:\/\/luebecker-gitarrentrio.de\/index.php?rest_route=\/wp\/v2\/pages\/62"}],"wp:attachment":[{"href":"http:\/\/luebecker-gitarrentrio.de\/index.php?rest_route=%2Fwp%2Fv2%2Fmedia&parent=79"}],"curies":[{"name":"wp","href":"https:\/\/api.w.org\/{rel}","templated":true}]}}