{"id":68,"date":"2013-08-05T13:53:05","date_gmt":"2013-08-05T11:53:05","guid":{"rendered":"http:\/\/www.luebecker-gitarrentrio.de\/wordpress\/?page_id=68"},"modified":"2023-01-15T20:03:01","modified_gmt":"2023-01-15T18:03:01","slug":"martina-schaeffer","status":"publish","type":"page","link":"http:\/\/luebecker-gitarrentrio.de\/?page_id=68","title":{"rendered":"Tim Martina Sch\u00e4ffer"},"content":{"rendered":"<p><a href=\"http:\/\/www.luebecker-gitarrentrio.de\/wp-content\/uploads\/martina.jpg\"><img loading=\"lazy\" decoding=\"async\" class=\"alignnone size-medium wp-image-69\" src=\"http:\/\/www.luebecker-gitarrentrio.de\/wp-content\/uploads\/martina-300x224.jpg\" alt=\"MINOLTA DIGITAL CAMERA\" width=\"300\" height=\"224\" \/><\/a><\/p>\n<p>Tim Martina Sch\u00e4ffer bereichert das Trio mit ihrem seelenvollen Spiel, ihrer Originalit\u00e4t und einem lebendigen Kontakt zum Publikum.<\/p>\n<p>Sie erhielt ihre Ausbildung am Joseph Haydn Konservatorium in Eisenstadt, an der Universit\u00e4t f\u00fcr Musik und darstellende Kunst Wien und an der Musikhochschule L\u00fcbeck in Deutschland.\u00a0Sie lebt und unterrichtet in Wien und in ihrer Heimatstadt Eisenstadt in \u00d6sterreich.<\/p>\n<p>Nach ihrem Studium erlernte sie die virtuose und ausdrucksvolle Spieltechnik von Maestro Pepe Romero.\u00a0Ihr Wissen um die Kraft und Leichtigkeit dieser Methode gibt sie an ihre Privatsch\u00fcler sowie im Rahmen von Seminaren und Workshops (Musikforum Viktring, Forum Gitarre Wien, International Guitar Festival Rust) weiter.<\/p>\n<p><a href=\"http:\/\/www.konzertgitarre.at\" target=\"_blank\" rel=\"noopener\">www.konzertgitarre.at<\/a><\/p>\n","protected":false},"excerpt":{"rendered":"<p>Tim Martina Sch\u00e4ffer bereichert das Trio mit ihrem seelenvollen Spiel, ihrer Originalit\u00e4t und einem lebendigen Kontakt zum Publikum. Sie erhielt ihre Ausbildung am Joseph Haydn Konservatorium in Eisenstadt, an der Universit\u00e4t f\u00fcr Musik und darstellende Kunst Wien und an der Musikhochschule L\u00fcbeck in Deutschland.\u00a0Sie lebt und unterrichtet in Wien und \u2026 <a class=\"continue-reading-link\" href=\"http:\/\/luebecker-gitarrentrio.de\/?page_id=68\"> Continue reading <span class=\"meta-nav\">&rarr; <\/span><\/a><\/p>\n","protected":false},"author":1,"featured_media":0,"parent":62,"menu_order":0,"comment_status":"closed","ping_status":"closed","template":"","meta":{"footnotes":""},"class_list":["post-68","page","type-page","status-publish","hentry"],"_links":{"self":[{"href":"http:\/\/luebecker-gitarrentrio.de\/index.php?rest_route=\/wp\/v2\/pages\/68","targetHints":{"allow":["GET"]}}],"collection":[{"href":"http:\/\/luebecker-gitarrentrio.de\/index.php?rest_route=\/wp\/v2\/pages"}],"about":[{"href":"http:\/\/luebecker-gitarrentrio.de\/index.php?rest_route=\/wp\/v2\/types\/page"}],"author":[{"embeddable":true,"href":"http:\/\/luebecker-gitarrentrio.de\/index.php?rest_route=\/wp\/v2\/users\/1"}],"replies":[{"embeddable":true,"href":"http:\/\/luebecker-gitarrentrio.de\/index.php?rest_route=%2Fwp%2Fv2%2Fcomments&post=68"}],"version-history":[{"count":1,"href":"http:\/\/luebecker-gitarrentrio.de\/index.php?rest_route=\/wp\/v2\/pages\/68\/revisions"}],"predecessor-version":[{"id":543,"href":"http:\/\/luebecker-gitarrentrio.de\/index.php?rest_route=\/wp\/v2\/pages\/68\/revisions\/543"}],"up":[{"embeddable":true,"href":"http:\/\/luebecker-gitarrentrio.de\/index.php?rest_route=\/wp\/v2\/pages\/62"}],"wp:attachment":[{"href":"http:\/\/luebecker-gitarrentrio.de\/index.php?rest_route=%2Fwp%2Fv2%2Fmedia&parent=68"}],"curies":[{"name":"wp","href":"https:\/\/api.w.org\/{rel}","templated":true}]}}